4?
-1471
In base 8, what is -131 - 2?
-133
In base 15, what is 1640 + 5?
1645
In base 11, what is 4 - -6?
a
In base 9, what is -87 + -46?
-144
In base 3, what is 1121 - 20?
1101
In base 7, what is -205 + 3?
-202
In base 15, what is 12 - 11?
1
In base 13, what is -5 - 3c?
-44
In base 8, what is -10203 + 5?
-10176
In base 2, what is 10 + -11100000111?
-11100000101
In base 13, what is -5 + 107?
102
In base 6, what is 2 + -2431?
-2425
In base 12, what is 445 + -2?
443
In base 12, what is 581 - -3?
584
In base 4, what is 0 - 30321?
-30321
In base 8, what is 2 + 0?
2
In base 3, what is 1101 - -2?
1110
In base 6, what is 52 + -2050?
-1554
In base 2, what is 100 - -10000101?
10001001
In base 13, what is 1 - -164?
165
In base 9, what is -158 - 4?
-163
In base 12, what is 5 - -2272?
2277
In base 13, what is 9 - 12b?
-122
In base 3, what is 21 - -221?
1012
In base 15, what is 300 - 0?
300
In base 15, what is -319 + -11?
-32a
In base 15, what is -3 - 23?
-26
In base 8, what is -54 - -142?
66
In base 15, what is a6 - -3?
a9
In base 3, what is 0 - -2122110?
2122110
In base 8, what is 323 + -4?
317
In base 16, what is -17d + -3?
-180
In base 6, what is 1223 + 0?
1223
In base 13, what is 4 - ac?
-a8
In base 6, what is 0 - 53?
-53
In base 5, what is -4110 + 22?
-4033
In base 5, what is 2 - 42?
-40
In base 14, what is 2 + 41?
43
In base 13, what is 68 - 1?
67
In base 2, what is 10011 + 110110011?
111000110
In base 3, what is 1 - -211?
212
In base 6, what is 0 - -1050?
1050
In base 9, what is -1102 - 0?
-1102
In base 6, what is 14 - -21?
35
In base 5, what is -4 - 13202?
-13211
In base 8, what is 15 - 2?
13
In base 9, what is 34 - -12?
46
In base 6, what is 254 + -14?
240
In base 5, what is -11 + 130?
114
In base 9, what is 188 + 5?
204
In base 13, what is -1 + 4?
3
In base 11, what is -1a - 9?
-28
In base 4, what is 212210 + -3?
212201
In base 2, what is 101 - 101110100111?
-101110100010
In base 12, what is 1 - -28a?
28b
In base 2, what is 101100111 + -100?
101100011
In base 3, what is -1010 + 12000?
10220
In base 14, what is -2 - 88?
-8a
In base 16, what is 6a + 9?
73
In base 4, what is 2112 + -3?
2103
In base 14, what is 9 - -6?
11
In base 16, what is -5 - 105?
-10a
In base 5, what is 0 - 122022?
-122022
In base 9, what is 3 - 1270?
-1266
In base 15, what is 1 + -18?
-17
In base 4, what is -1 - 303000?
-303001
In base 12, what is -10 + -27?
-37
In base 15, what is 3 + 119?
11c
In base 8, what is -30 - -11?
-17
In base 6, what is 1522 - 4?
1514
In base 11, what is -11 + 468?
457
In base 16, what is 21 + -22?
-1
In base 10, what is -4 + -1?
-5
In base 13, what is -2 + 172?
170
In base 16, what is -d + -15?
-22
In base 13, what is -60 + -17?
-77
In base 12, what is 316 - 5?
311
In base 14, what is -19d - 7?
-1a6
In base 12, what is 2 + -a73?
-a71
In base 13, what is -13a7 + -3?
-13aa
In base 6, what is -202513 + 1?
-202512
In base 10, what is 6 + 180?
186
In base 16, what is -1fa - -3?
-1f7
In base 9, what is -112 - 35?
-147
In base 7, what is -14224 - -5?
-14216
In base 6, what is -220 + -15?
-235
In base 14, what is -d0 + 1?
-cd
In base 12, what is 4 + -18b?
-187
In base 6, what is -30 - 44?
-114
In base 15, what is d + 33?
41
In base 5, what is 32003 + -2?
32001
In base 4, what is 2120 - -1?
2121
In base 12, what is 704 - 4?
700
In base 5, what is -4 + -2110?
-2114
In base 6, what is 2405 - 0?
2405
In base 15, what is -13 + -a?
-1d
In base 10, what is 46 - 48?
-2
In base 12, what is -423 + 0?
-423
In base 2, what is 11 + -101011011?
-101011000
In base 12, what is -323 - -3?
-320
In base 11, what is -53 - -32?
-21
In base 3, what is 20122 - 1?
20121
In base 8, what is 4 - -422?
426
In base 4, what is -1110020 - -2?
-1110012
In base 9, what is 774 + -3?
771
In base 9, what is -12631 - -5?
-12625
In base 12, what is -446 + -2?
-448
In base 8, what is 107 + 5?
114
In base 2, what is 100001 - 1111?
10010
In base 8, what is -326 + -2?
-330
In base 16, what is 52 + -4?
4e
In base 4, what is 1003 - 0?
1003
In base 13, what is -5 - 1797?
-179c
In base 13, what is -3 - -340?
33a
In base 9, what is -7 - 244?
-252
In base 15, what is 4e7 + -4?
4e3
In base 3, what is 12120 - 12?
12101
In base 11, what is -19 + 10?
-9
In base 7, what is 60 + 112?
202
In base 7, what is -411 + 4?
-404
In base 11, what is 5 + -694?
-68a
In base 11, what is 223 - 0?
223
In base 13, what is -681 + 4?
-67a
In base 9, what is 5726 - -6?
5733
In base 10, what is -77 + 2?
-75
In base 13, what is -5 - -5?
0
In base 12, what is -1 + 11a6?
11a5
In base 7, what is -52 - -16?
-33
In base 8, what is -4 + -116?
-122
In base 16, what is 56 - a?
4c
In base 11, what is -42 - -a2?
60
In base 2, what is 10011 - 10?
10001
In base 2, what is 11000 - 1001000?
-110000
In base 13, what is 8 + -576?
-56b
In base 8, what is -446 + -1?
-447
In base 11, what is -5 - 609?
-613
In base 9, what is -138 + 1?
-137
In base 11, what is -3 + -3a9?
-401
In base 16, what is 5 + -501?
-4fc
In base 6, what is 1501 + 2?
1503
In base 7, what is -453 + -2?
-455
In base 11, what is 2 + 3763?
3765
In base 9, what is 35 + -23?
12
In base 7, what is 5 + 10?
15
In base 15, what is -de - -5?
-d9
In base 6, what is -4 - -4?
0
In base 13, what is 11c - -5?
124
In base 11, what is 27 - -5?
31
In base 16, what is -2 - 18?
-1a
In base 14, what is 1ab + -5?
1a6
In base 16, what is 15e - -2?
160
In base 14, what is -3 - -99?
96
In base 4, what is 10222 - 112?
10110
In base 3, what is -10 - -1110110?
1110100
In base 13, what is 1 + -80?
-7c
In base 16, what is 3 + -3a?
-37
In base 16, what is 0 - -c8?
c8
In base 5, what is 323 - 1421?
-1043
In base 13, what is -6 + -21?
-27
In base 10, what is 120 + 13?
133
In base 8, what is -1247 + 3?
-1244
In base 16, what is 12 + 10?
22
In base 10, what is -2 + -564?
-566
In base 8, what is 0 + -5340?
-5340
In base 16, what is 1b + -12?
9
In base 15, what is 2 - 153?
-151
In base 2, what is 10010 - -10001?
100011
In base 4, what is -1 - -1001330?
1001323
In base 16, what is 7 + 16?
1d
In base 5, what is 13 - -10?
23
In base 2, what is -11100111111100 + -11?
-11100111111111
In base 6, what is -244 + -1?
-245
In base 13, what is 1 - -7ac?
7b0
In base 4, what is 13110 + 2?
13112
In base 6, what is -5203 + 5?
-5154
In base 9, what is 1 + -130?
-128
In base 12, what is 1b - 12?
9
In base 3, what is 210110 - 101?
210002
In base 13, what is 3a - -8?
45
In base 10, what is -265 - 0?
-265
In base 6, what is 20 - -11530?
11550
In base 4, what is -2102 - 0?
-2102
In base 10, what is -1 - 95?
-96
In base 5, what is 2004 + -1?
2003
In base 9, what is 50474 - -3?
50477
In base 14, what is -c8 - -4?
-c4
In base 8, what is -43 + 512?
447
In base 13, what is 2 + c66?
c68
In base 7, what is -12 - -110?
65
In base 13, what is c + b3?
c2
In base 16, what is 107 + -3?
104
In base 7, what is 252 - -5?
260
In base 8, what is -10 - -265?
255
In base 2, what is -1010100000 - -1?
-1010011111
In base 9, what is 1667 + -5?
1662
In base 16, what is -1143 - 4?
-1147
In base 7, what is 4 + 232?
236
In base 4, what is 131 - 102312?
-102121
In base 8, what is -11 + 4500?
4467
In base 9, what is 1164 - 1?
1163
In base 12, what is -838 + -3?
-83b
In base 15, what is -3 + -7ad?
-7b1
In base 12, what is 3 - 588?
-585
In base 11, what is 1621 - 2?
161a
In base 13, what is -5 + -66?
-6b
In base 5, what is -13 + 234?
221
In base 10, what is 2906 - -4?
2910
In base 10, what is -27 - -119?
92
In base 8, what is 2235 + 4?
2241
In base 14, what is -c2 - -5?
-bb
In base 6, what is 2 + -413?
-411
In base 6, what is -23 - 220?
-243
In base 7, what is -123 - 55?
-211
In base 9, what is -77 - -170?
82
In base 5, what is 203 + 311?
1014
In base 11, what is 2a8 + -3?
2a5
In base 10, what is -62 - -35?
-27
In base 2, what is 11111 - -1100010?
10000001
In base 14, what is 2a - 7?
23
In base 12, what is -144 + 1?
-143
In base 5, what is 101 + -1020?
-414
In base 14, what is -12 - -22?
10
In base 3, what is -20221 + 11?
-20210
In base 8, what is 4 + 772?
776
In base 9, what is -7 - 2358?
-2366
In base 10, what is 11 + 4?
15
In base 4, what is -1 - -1333?
1332
In base 9, what is 2303 + -5?
2287
In base 10, what is 147 - 16?
131
In base 8, what is -117 + 0?
-117
In base 11, what is 17 + 1?
18
In base 14, what is -4 - 7d?
-83
In base 4, what is -3 - 0?
-3
In ba